v**3 - 4*v**2 + v - 3. Let w(i) = 2*i**2 - 2*i**2 + i**3. Let a be (2/(-8))/(3/(-12)). Let l(d) = a*q(d) + 6*w(d). Determine l(-3).
-15
Let z(k) be the first derivative of k**2 - 6*k - 5. Suppose -33*t = -23*t - 60. Give z(t).
6
Suppose -5*o - 4*z + 55 = 0, -2*o + 3*z - 24 + 69 = 0. Let s(c) = -c**3 + 16*c**2 - 16*c + 12. Determine s(o).
-3
Let v(d) be the second derivative of -d**4/12 - 3*d**2 - 125*d. Determine v(5).
-31
Let v(h) = 66*h + 11. Let i(p) = -17*p - 3. Let u(t) = -11*i(t) - 3*v(t). What is u(3)?
-33
Let b = 32 - 32. Suppose -3*h + 2*q = -7, 0 = 5*q + 13 - 3. Let i(o) = 6 + 52*o - 51*o - h. Give i(b).
5
Let a(r) = -4*r - 40. Let x(m) = 12*m + 110. Let z(t) = -17*a(t) - 6*x(t). Calculate z(7).
-8
Let s be 10/3 - (-1)/(-3). Let t(d) = -2 + d - 1 + d**s + 2. What is t(0)?
-1
Let q(h) = -3*h + 2. Let j(y) = -y + 1. Let x(p) = -5*j(p) + 2*q(p). Let o = 281 + -282. Give x(o).
0
Let i(r) = -r**3 + 4*r**2 + 5*r + 2. Let d = -24 + 29. Let q be i(d). Let l(f) = f**3 - 3*f + 2. Calculate l(q).
4
Let b(o) = -15 + 4*o**2 - 731*o + 8*o**2 + 742*o + o**3. What is b(-11)?
-15
Let r(j) = -7*j + j**2 + 86 - 170 + 83. Let o(n) = -3*n. Let u be o(-2). Determine r(u).
-7
Let k(p) = 4*p - 106. Suppose 49*b - 55*b = -150. What is k(b)?
-6
Let y(s) be the first derivative of 3 - 3/2*s**2 + 1/4*s**4 + 1/3*s**3 + 3*s. What is y(2)?
9
Let q(s) be the second derivative of -s**4/12 - 5*s**3/6 - 2*s**2 + s. Let o be (32/(-24))/(2/(-27)). Suppose -o = 10*n - 4*n. Determine q(n).
2
Let c(y) = -y**3 - 6*y**2 - 6*y - 3. Let h be (20/(-3))/(4/6 + -1). Suppose 3*r + h = -r. Determine c(r).
2
Let u = 14 - 10. Let v(m) = -m**3 + 29*m**2 + 29*m + 32. Let r be v(30). Let s(a) = -r*a + a - a + u*a + 1. Determine s(1).
3
Suppose 0 = -19*d + 15*d + 24. Let z(v) = -6*v**3 - 8*v**2 + 4*v + 6. Let g(m) = 7*m**3 + 9*m**2 - 5*m - 7. Let j(q) = d*z(q) + 5*g(q). Give j(-3).
4
Suppose 5*y + 5*f - 10 = 0, 12*y - 7*y = 3*f + 18. Let j(w) = w + 4. Calculate j(y).
7
Let i = 2572 - 2574. Let b(m) = -23*m + 1. Determine b(i).
47
Let w(j) = 1 - 7*j**3 + 3*j**3 + 2*j**3 + 0. Let y(d) = -2*d**2 - 9*d + 57. Let s be y(-8). What is w(s)?
-1
Let m(f) = -f**3 - 39*f**2 - 38*f - 24. Let l be m(-38). Let a(c) = -c - 30. Calculate a(l).
-6
Let s(c) = -2*c + 4*c + 4*c + 22 - 4*c. Let b be s(-10). Let f(p) = 3*p - 2 + 6*p**2 - 2*p**2 - 4*p. Determine f(b).
12
Let g(d) = -d**3 - 6*d**2 - 6*d - 4. Let k be (-1254)/(-21) + 4/14. Suppose -j = j - k. Suppose -j = -t + 4*t + 5*s, 3*s - 16 = 5*t. Calculate g(t).
1
Let d = 320 + -190. Let a = 132 - d. Let c(w) = -2*w**3 + 2*w**2 + w + 1. What is c(a)?
-5
Let j(c) = -2*c**2 - 2*c + 2. Let p be ((-126)/56)/(1/4). Let s(l) = l**3 + 9*l**2 + l + 11. Let o be s(p). Suppose 5*u = o*u - 6. What is j(u)?
-2
Suppose -4*p - 2*s - 18 = 0, -6 = -p - 3*s - 13. Let k(h) = h. Let i(b) = 3*b - 6. Let j(o) = p*k(o) + i(o). What is j(-8)?
2
Let j(z) = 5*z + 1. Suppose 2*y - 3 = 3*m + 101, -2*m = 5*y + 44. Let g = m + 31. Calculate j(g).
-4
Let k(r) = r**3 + r**2 - 6*r + 3. Let z be k(0). Suppose l - 4 = z. Let p(a) be the first derivative of -a**2/2 + 8*a - 1. What is p(l)?
1
Let i(w) = w - 4. Let q be i(-4). Let m = q - -2. Let s(j) = 16 + 3*j - j**3 - 6*j**2 - 8 - 2*j. Give s(m).
2
Let m(o) = -3*o - 6. Let l(c) = c**3 + 8*c**2 - 9*c + 1. Let a be l(-9). Suppose 4*n + 5*w + 16 - a = 0, n + 3*w = -2. Determine m(n).
9
Let q(t) = -11 + 8 - t + 0. Let x(k) = -3. Let m(n) = 3*q(n) - 2*x(n). Calculate m(-3).
6
Let y = 161 - 116. Let r(l) = 50 - 94 + 2*l + y. Determine r(-5).
-9
Let i(v) = -v**3 - 3*v**2 + 4*v - 4. Suppose 2*d - 8 = 2*m, 4*d - 22 = 2*m - 4. Suppose 20 = -d*s + 4*k, 2*k = k. Give i(s).
-4
Suppose -4*y = -8, 0 = -5*k + 3*y + 16 - 7. Let q(a) = 5 - a**k - 7*a**2 + 18*a**2 + 8*a - 8*a**2 + 4*a**2. What is q(8)?
5
Let a(i) = -i + 3. Let c be a(-6). Let b(d) = -2*d - c - d**2 + 6 + 2*d**2 - 2*d**2. Determine b(-3).
-6
Let c = 5 - 4. Let z(p) = -p**3 + 7*p**2 - 7*p + 9. Let a be z(6). Let g(f) = 7*f - 10*f - a*f. Determine g(c).
-6
Let w(v) = -5*v**3 - v**3 - 4 + 3*v + 3*v**2 + 5*v**3. Let i(u) = -u**3 - 4*u**2 + 10*u + 19. Let j be i(-5). Let r be 3/(-2)*(j/1 + 4). Give w(r).
5
Let b = -59 + 61. Let f(q) = 0*q**b + q**2 - q**2 - q**2. What is f(1)?
-1
Let j be ((-5)/(-3))/(105/(-126)). Suppose 4*g - 5*q = -25, -3*g + 3*q + 0*q = 15. Let z(p) = 1 + g + 2*p - p**2 + 2. Determine z(j).
-5
Let w(t) = 3*t**2 - 18*t + 9. Let v(a) = 7*a**2 - 37*a + 21. Let p(b) = 4*v(b) - 9*w(b). Give p(-14).
3
Let q(m) = -2*m + 4. Let n(l) = 5*l - 21. Let b be n(5). Suppose d = -0*d + y + b, 10 = 3*d - 5*y. What is q(d)?
-6
Let a(p) be the first derivative of -5*p**4/24 - 8*p**2 - 2. Let c(i) be the second derivative of a(i). Suppose -2*r + r = w + 6, 0 = -4*r - w - 9. Give c(r).
5
Let x(t) = -4*t**3 + t**2 + t - 1. Suppose -6*i + 7 = i. Give x(i).
-3
Let l(g) be the second derivative of -g**5/20 + 5*g**4/12 - 2*g**3/3 + 7*g**2/2 + 81*g. Give l(5).
-13
Let v(d) = -16*d**3 - d**2 - d - 1. Let n(a) = 15 - a**2 - 3*a + 3*a**2 - a**2 + 13*a. Let g be n(-8). What is v(g)?
15
Let r(u) = -3*u**2 + 6*u - 8. Let s(d) = 12*d**2 - 2*d + 2*d - 13*d**2. Let i(w) = r(w) - 4*s(w). Calculate i(-6).
-8
Suppose -2*u = -0 - 12. Let v(o) = o + 9. Let y be v(-6). Suppose -9 + u = -y*z. Let w(t) = 8*t**3 - t**2. Give w(z).
7
Suppose 16 = 3*b + t, -b - 3*t + 13 = b. Let p(x) be the second derivative of 0*x**2 - 7*x + 0 - 1/6*x**3. Calculate p(b).
-5
Let r be (2/(-3))/(5/(-90)*3). Let b(w) = w**2 - 1. Let c(x) = 6*x - 8. Let q(v) = -2*b(v) + c(v). Calculate q(r).
-14
Let i(w) = -w**2 - 5*w + 3. Let h be -11 + 15 + (0 - -3). Suppose 9 = 4*l - h*l. What is i(l)?
9
Let g(i) = -3*i. Let c(p) = -9*p**2 + 7*p + 2 + 6*p - 5*p + p**3. Let x be c(8). Calculate g(x).
-6
Suppose 21 = -2*a + 3*a. Suppose -4*z - a = -7*z. Let r(u) = -u**3 + 8*u**2 - 7*u + 1. What is r(z)?
1
Let p(s) = s + 28. Let v be 2 + 33/(-21) - 12/28. Determine p(v).
28
Suppose -5*h + 10*h = n + 7, -n + 5 = h. Suppose k + 19 - 7 = -n*y, 4*k - 2*y + 6 = 0. Let d(a) = a**2 - 2. What is d(k)?
7
Let r = -21 + 25. Suppose -2*x + r = -x. Let h(s) = 1 + x - s - 1. What is h(5)?
-1
Suppose 97*n = 94*n + 9. Let v(k) = -2 + 11*k - 2 - 4*k + n. Suppose 4*t + x + 4*x + 16 = 0, -3*t + 23 = -5*x. Calculate v(t).
6
Suppose h - 35 = o, -o - 133 = -4*h - 4*o. Let m(x) = 20*x - h*x + 12*x. Calculate m(1).
-2
Suppose -3*z = -2*k + 24, 4*k = -z + 94 - 60. Let w(b) = b**2 - 4*b - 19. What is w(k)?
26
Let m(a) = -a + 1. Let o = 17 - 38. Let f = o + 14. Let w be 6/21 + (-26)/f. Give m(w).
-3
Let i(n) be the third derivative of n**5/60 - n**4/3 - n**3/2 - n**2. Suppose -6*o = 6*o - 1008. Let a be (-1)/(-3*4/o). Determine i(a).
-10
Let a(f) be the second derivative of f**6/720 + f**5/120 + f**4/3 + f. Let p(x) be the third derivative of a(x). Let r be 22/(-8) + 3/4. Calculate p(r).
-1
Let w be ((-6)/4 + 2)*2. Let p(r) = 5*r - 11. Let x(n) = 5*n - 9. Suppose 3*o + 4*g = 5*o - 28, -o + 18 = -3*g. Let s(k) = o*x(k) - 5*p(k). What is s(w)?
6
Let d(v) be the first derivative of -3*v**2/2 + 40*v + 530. Calculate d(12).
4
Let l = 1164/7 - 23273/140. Let s(p) be the second derivative of 0*p**2 + 1/4*p**4 + 0 + 6*p - l*p**5 + 1/6*p**3. Calculate s(2).
6
Let g(d) be the second derivative of d**5/20 - 2*d**4/3 + 11*d**3/6 - 3*d**2 - 5*d + 10. Determine g(7).
22
Let r(x) = 18*x. Let w(b) = 2*b**2 + 6*b - 10. Let p be w(1). What is r(p)?
-36
Let c(v) be the third derivative of 0*v + 8*v**2 - 1/24*v**4 + 0 - 1/6*v**3. What is c(4)?
-5
Let t = 24 + -28. Let m(l) = -32*l + 5 - 6 + 35*l. Calculate m(t).
-13
Let b(j) = -2*j**2 + 1. Suppose 3 = 3*n + w, -4*n + 62*w - 63*w = -5. What is b(n)?
-7
Let g(t) be the first derivative of 0*t**2 + 4*t + 29 + 1/3*t**3. Calculate g(-3).
13
Let v(c) = -c**3 + 4*c**2 + 2*c - 2. Let u be 188/(-235) + (-48)/(-10). What is v(u)?
6
Let d = -9 - 31. Let j be (10/d)/((-2)/40). Let c(r) = r**3 - 6*r**2 + 5*r - 2. Give c(j).
-2
Let z(v) = -4*v**3 + v**2 - 3*v - 6. Let f(k) = -3*k**3 + 2*k**2 - k - 6. Let n(a) = 3*f(a) - 2*z(a). Let t be -2*(-2)/4 + 3. Calculate n(t).
6
Let b(n) = 3*n**3 - 4*n**3 + 57*n + 6 - 58*n - 7*n**2. Let h be (-10)/(-25) + (-32)/5. Give b(h).
-24
Let f(i) = 25 - i - 34 + 2*i - 2*i + 23. What is f(6)?
8
Let u(o) = -19*o**3 + 2*o**2 - 1. Let m